{"id":101,"date":"2016-04-24T10:09:55","date_gmt":"2016-04-24T09:09:55","guid":{"rendered":"http:\/\/www.conflits.ch\/fpce\/?page_id=101"},"modified":"2023-06-17T20:05:03","modified_gmt":"2023-06-17T19:05:03","slug":"inscription","status":"publish","type":"page","link":"https:\/\/www.conflits.ch\/fpce\/index.php\/inscription\/","title":{"rendered":"Inscription"},"content":{"rendered":"<p>Pour vous inscrire \u00e0 la FPCE compl\u00e8te, merci d&rsquo;adresser un mail \u00e0 l&rsquo;adresse <span style=\"color: #0000ff;\"><strong>anne.bersier@bluewin.ch<\/strong><\/span> avec votre curriculum vitae et une lettre de motivation.<\/p>\n<p>En fonction de votre cursus et de votre exp\u00e9rience professionnelle,<br \/>\ndes \u00e9quivalences pourront vous \u00eatre accord\u00e9es sur certains cours.<\/p>\n<p><span style=\"color: #3366ff;\">La FPCE est en principe pr\u00e9vue de septembre \u00e0 juin, mais vous pouvez aussi commencer la formation en cours de route. La seule condition est que vous commenciez par : <\/span><\/p>\n<ul>\n<li><span style=\"color: #3366ff;\">le cours d&rsquo;introduction \u00e0 la FPCE<\/span><\/li>\n<li><span style=\"color: #3366ff;\">l&rsquo;initiation \u00e0 la m\u00e9diation<\/span><\/li>\n<\/ul>\n<p style=\"text-align: center;\"><strong><span style=\"color: #ff0000;\"><a href=\"https:\/\/www.conflits.ch\/fpce\/index.php\/formulaire-dinscription\/\">Pour toutes les inscriptions,<\/a><br \/>\n<\/span><\/strong><a href=\"https:\/\/www.conflits.ch\/fpce\/index.php\/formulaire-dinscription\/\"><span style=\"color: #800000;\"><strong><span style=\"color: #ff0000;\">merci d&rsquo;utiliser cette page<\/span><\/strong><\/span><\/a><\/p>\n<p>&nbsp;<\/p>\n<p>Les inscriptions sont soumises \u00e0 nos <a href=\"https:\/\/www.conflits.ch\/fpce\/index.php\/conditions-generales-2\/\">conditions g\u00e9n\u00e9rales<\/a><\/p>\n<p>&nbsp;<\/p>\n","protected":false},"excerpt":{"rendered":"<p>Pour vous inscrire \u00e0 la FPCE compl\u00e8te, merci d&rsquo;adresser un mail \u00e0 l&rsquo;adresse anne.bersier@bluewin.ch avec votre curriculum vitae et une lettre de motivation. En fonction de votre cursus et de votre exp\u00e9rience professionnelle, des \u00e9quivalences pourront vous \u00eatre accord\u00e9es sur certains cours. La FPCE est en principe pr\u00e9vue de septembre \u00e0 juin, mais vous pouvez aussi commencer la formation en&hellip;<\/p>\n<p class=\"more-link-wrapper\"><a class=\"more-link\" href=\"https:\/\/www.conflits.ch\/fpce\/index.php\/inscription\/\">Continue<\/a><\/p>\n","protected":false},"author":1,"featured_media":0,"parent":0,"menu_order":4,"comment_status":"closed","ping_status":"closed","template":"","meta":{"footnotes":""},"class_list":["post-101","page","type-page","status-publish","hentry"],"_links":{"self":[{"href":"https:\/\/www.conflits.ch\/fpce\/index.php\/wp-json\/wp\/v2\/pages\/101","targetHints":{"allow":["GET"]}}],"collection":[{"href":"https:\/\/www.conflits.ch\/fpce\/index.php\/wp-json\/wp\/v2\/pages"}],"about":[{"href":"https:\/\/www.conflits.ch\/fpce\/index.php\/wp-json\/wp\/v2\/types\/page"}],"author":[{"embeddable":true,"href":"https:\/\/www.conflits.ch\/fpce\/index.php\/wp-json\/wp\/v2\/users\/1"}],"replies":[{"embeddable":true,"href":"https:\/\/www.conflits.ch\/fpce\/index.php\/wp-json\/wp\/v2\/comments?post=101"}],"version-history":[{"count":19,"href":"https:\/\/www.conflits.ch\/fpce\/index.php\/wp-json\/wp\/v2\/pages\/101\/revisions"}],"predecessor-version":[{"id":923,"href":"https:\/\/www.conflits.ch\/fpce\/index.php\/wp-json\/wp\/v2\/pages\/101\/revisions\/923"}],"wp:attachment":[{"href":"https:\/\/www.conflits.ch\/fpce\/index.php\/wp-json\/wp\/v2\/media?parent=101"}],"curies":[{"name":"wp","href":"https:\/\/api.w.org\/{rel}","templated":true}]}}

<p>Pour vous inscrire à la FPCE complète, merci d&rsquo;adresser un mail à l&rsquo;adresse <span style="color: #0000ff;"><strong>anne.bersier@bluewin.ch</strong></span> avec votre curriculum vitae et une lettre de motivation.</p>
<p>En fonction de votre cursus et de votre expérience professionnelle,<br />
des équivalences pourront vous être accordées sur certains cours.</p>
<p><span style="color: #3366ff;">La FPCE est en principe prévue de septembre à juin, mais vous pouvez aussi commencer la formation en cours de route. La seule condition est que vous commenciez par : </span></p>
<ul>
<li><span style="color: #3366ff;">le cours d&rsquo;introduction à la FPCE</span></li>
<li><span style="color: #3366ff;">l&rsquo;initiation à la médiation</span></li>
</ul>
<p style="text-align: center;"><strong><span style="color: #ff0000;"><a href="https://www.conflits.ch/fpce/index.php/formulaire-dinscription/">Pour toutes les inscriptions,</a><br />
</span></strong><a href="https://www.conflits.ch/fpce/index.php/formulaire-dinscription/"><span style="color: #800000;"><strong><span style="color: #ff0000;">merci d&rsquo;utiliser cette page</span></strong></span></a></p>
<p>&nbsp;</p>
<p>Les inscriptions sont soumises à nos <a href="https://www.conflits.ch/fpce/index.php/conditions-generales-2/">conditions générales</a></p>
<p>&nbsp;</p>

<p>Pour vous inscrire à la FPCE complète, merci d&rsquo;adresser un mail à l&rsquo;adresse anne.bersier@bluewin.ch avec votre curriculum vitae et une lettre de motivation. En fonction de votre cursus et de votre expérience professionnelle, des équivalences pourront vous être accordées sur certains cours. La FPCE est en principe prévue de septembre à juin, mais vous pouvez aussi commencer la formation en&hellip;</p>
<p class="more-link-wrapper"><a class="more-link" href="https://www.conflits.ch/fpce/index.php/inscription/">Continue</a></p>
